alue of -5 + 21 + -9 - 0?
7
(4 - -1) + 3 - (6 + 13)
-11
Calculate -141 - -151 - (-2 + 5).
7
Calculate 9 + -19 - (22 - (7 + 0) - -1).
-26
(-7 - (9 - 31)) + -15 + 5
5
What is the value of -20 + (39 - 21) - (-15 - 2 - 2)?
17
Evaluate -1 - ((3 - 5) + -4 + 5).
0
45 - (-28 - -44) - (0 + 5)
24
(-55 - -100 - 33) + 2 + 14
28
Calculate (11 + -1 - 17 - (-1 - -3)) + -5.
-14
What is 3 + -8 + -6 + (3 - 5)?
-13
Evaluate (-41 - 0 - -8) + (-12 - -18) + -9.
-36
-3 + 21 - (4 - (-3 + 2 - -2))
15
What is (-22 - (-25 - -38)) + 10?
-25
What is 22 + -6 + 9 + 6 + -7?
24
2 + (0 - 0) - (-28 - -40)
-10
What is the value of (-6 + -1 + 22 - -3) + -6?
12
What is the value of 13 - 2 - (0 + 4 - (0 - 0))?
7
Calculate -22 + 1 + 10 + 10 + -1 + -23.
-25
What is the value of -17 - ((-26 - 22) + 18)?
13
What is -15 - (-76 - (-6 + -37))?
18
8 + -1 - (-2 + 16) - (-1 + -2)
-4
Calculate (11 - -1) + (9 - (21 + -3)).
3
What is the value of 4 - (1 + -11 + -2 + 9 + -10)?
17
Calculate 0 + (11 - (-13 + 32)).
-8
What is -4 + 0 + -9 + (8 - 6) + -9?
-20
Evaluate -1 + -2 + (-7 - -3) + -9 + 8.
-8
Calculate -16 - (14 + -22 + -5).
-3
What is -6 + (53 - 32) - (-4 + 0)?
19
Evaluate (0 - 1) + 14 - (1171 + -1154).
-4
Evaluate (1 - 5) + (-6 - -6 - -10).
6
(-8 - 2) + (11 - 3 - 9) + 4
-7
What is ((2 - -4) + 3 - (2 + 3)) + 6?
10
Evaluate -4 + -19 + (5 - 0) - (6 + -8).
-16
Calculate 15 + 3 + -11 + -3 - 0 - 12.
-8
Evaluate -19 - (-23 + (20 - 26)).
10
(10 + 11 - 2) + -29
-10
(-58 - -32) + (34 - -8)
16
What is -11 + -1 + (-120 - -166) - (1 - 5)?
38
What is the value of 3 - ((3 - 6 - 8) + 5 + 11)?
-2
What is (-3 - 7 - (-28 - -21)) + 23?
20
What is (-3 - 41) + 12 + -3 + 8?
-27
What is the value of (9 + -6 - 0) + 5?
8
What is the value of -32 + 16 + (-3 - -14)?
-5
-22 + 30 - (3 + -7 + -26)
38
Calculate (3 - 8) + -17 + 10.
-12
What is the value of -16 + ((5 - 5) + -2 - 1) + 8?
-11
What is the value of -15 - (-11 - -25 - 44)?
15
(323 - 323) + 11 + 1 + -5
7
Evaluate 26 + 5 + -1 + (-6 - 0).
24
What is (62 - (138 - 64)) + (-2 - -1) + -1?
-14
What is the value of (-4 - (2 - 13)) + 10 + -17?
0
Evaluate (1 + 1 - -3) + (0 - (-15 + 39)).
-19
(44 - 6) + (-13 - 1) - (-1 + 0)
25
What is 2 + (-13 + -6 - (-1 + -2))?
-14
Evaluate (12 + -23 - -15) + -3.
1
Calculate 2 + 5 + 14 + -29.
-8
What is -4 + 0 - (-2 - (5 - 9))?
-6
13 + 2 + 53 + -53
15
Calculate (-225 - -275) + -40 + -2.
8
Evaluate 2 - 8 - 5 - (0 + -3 + 0).
-8
What is the value of 5 + 6 + -8 + -8 + 16 + -2?
9
Evaluate -3 - (6 + -4 - (4 - 5) - -3).
-9
-18 + -3 + 0 + 506 + -520
-35
(-7 - 0) + (-64 - -70) + 14
13
Evaluate 22 - (-16 - (-14 - (16 - 17))).
25
Calculate (-6 - (-7 - 6)) + -9 + -9 - -4.
-7
-6 + 1 + -33 + -125 + 135
-28
What is (-69 - -71) + (-14 - 0)?
-12
What is -14 + 21 + 0 + 6?
13
What is (118 - 92) + (-2 - 2) + (8 - 0)?
30
What is -31 + (5 - (37 + -30))?
-33
What is the value of 22 - 2 - (1036 + -1014)?
-2
What is the value of 8 + 7 + -7 + (8 - 4)?
12
What is the value of 2 - 2 - (11 + 9 + -4)?
-16
What is the value of 7 + -10 + -1 + 5 + 2 - 5?
-2
What is the value of -61 + 35 + -17 - -24?
-19
Evaluate -40 - -39 - 47 - -31.
-17
Evaluate 3 + -7 - (5 - (-11 - -17)).
-3
112 - 115 - (-27 - -8)
16
What is the value of -25 + (28 - 12) - -8?
-1
Evaluate -11 - (-44 - (-46 + 36)).
23
What is the value of 5 + (10 + -7 - -3 - 17)?
-6
What is the value of -16 + 11 + 8 + 4?
7
Evaluate (-34 - -72) + -25 + 16.
29
Evaluate 4 + (10 - 5) + (2 - 15).
-4
Calculate (-1 - -2) + 4 + (67 - (29 - -27)).
16
What is the value of 9 - -14 - (-15 - -21)?
17
What is -4 - (-5 + (2 + 7 + -3 - 11))?
6
(2 - -19) + (6 - 44)
-17
What is 28 - (0 - (-18 + 11))?
21
What is the value of -14 + 1 - (1082 + -1061)?
-34
Calculate (-8 - 0) + (-30 - (5 + -29)).
-14
Calculate (-2 - -2) + (-6 - (14 - 3)).
-17
35 - 25 - -6 - (0 + 3)
13
Calculate 15 - (-21 + 40 + -4).
0
What is (-17 + -4 - -21) + -12?
-12
Evaluate -16 - -4 - 9 - (-25 + 20).
-16
What is the value of -14 + 6 + 12 + (0 - (-3 - -9))?
-2
Calculate 8 - ((-45 - -51) + -6 + -1 + -5).
14
Evaluate 0 + (29 - (5 + -3)) + (9 - -1).
37
Calculate 0 + 5 + (-25 - -26) + 2 + 3.
11
What is -23 + 9 + (5 - -1 - 7)?
-15
-7 + 0 + (-1 - (21 + -19)) + 31
21
What is the value of 74 + -57 + 1 + -15 + 7?
10
-1 + 13 + -1 - (-1 + 0 + 5)
7
Evaluate (11 - 2) + 2 + -4 + 7.
14
What is the value of 21 + 4 + -11 + (6 - -12) + -11?
21
What is the value of 35 - (28 - -21) - (9 + -2)?
-21
What is the value of 12 - 33 - -27 - 6?
0
What is (6 - 13) + 2 + 11?
6
Calculate (-10 - -6) + 6 + (2 - 5) - 3.
-4
-104 + 96 - (-15 + 1)
6
1 - (0 + (-2 - -10 - -6))
-13
Calculate (2 - -12) + (-14 - (-16 + 33)).
-17
15 + -33 + 29 - 14
-3
Evaluate 42 + (-13 - 0) - 19.
10
-51 + 55 - (-12 + -2 + 2)
16
(-48 - -50) + 1 + (-1 - -3) - 12
-7
Calculate -11 - 0 - (-143 + 135).
-3
Calculate 0 - (-17 - (-9 - -12 - 4)).
16
Evaluate (20 + -16 - 6) + -2.
-4
Evaluate 16 - 21 - (-8 - 1) - (26 + 6).
-28
(-3 - -18) + -13 - (11 + -1)
-8
What is -363 + 350 + (25 - (0 - -3))?
9
Evaluate 3 + (233 + -232 - (8 + (-2 - -1))).
-3
What is the value of -87 + 124 + -2 + -14?
21
What is -10 - (-3 + 1) - (-28 - -69 - 33)?
-16
What is -8 - (6 + (-13 - -7))?
-8
8 - 2 - -7 - ((-7 - -8) + 8)
4
Calculate -2 + (-1 - -7) - (42 + -60).
22
Calculate -6 + 2 + 0 - (7 - (-4 - -20)).
5
What is (3 - -1 - (-1 - -1) - 4) + 3?
3
What is the value of 10 - (-16 - (-7 - 1) - -13) - 0?
5
-4 - -8 - (-14 + 3)
15
Evaluate 2 - (2 + 1 - (-2 - (1 - 10))).
6
What is the value of -1 + 1 + (13 - -5) + 4?
22
-7 + -7 - (6 + -14)
-6
What is 3 - (-10 - (-11 + 11 + -8))?
5
What is 1 - (13 - 12 - (-3 - -21))?
18
What is -5 - (1 + -3 + (-3 - -4) - 10)?
6
What is 2 - 3 - 5 - -7 - -4?
5
What is -4 + 0 + -1 + 11?
6
Calculate -32 - -1 - (-14 + 7).
-24
What is 13 + (-10 - (12 - 14))?
5
Evaluate -34 + (5 - 0) - (30 - 12 - 11).
-36
Calculate -5 + 13 - (-3 - (-1 - 8)).
2
Calculate 2 - (-20 - 3 - -26).
-1
Calculate -6 - ((16 - -6) + -25).
-3
What is the value of 15 + -9 + -9 + -10?
-13
Evaluate -32 - (26 + -112 + 37).
17
What is the value of 0 + (0 - -14) - 16 - -23?
21
What is -1 - 3 - (-3 - (-1 - 1))?
-3
What is the value of -12 + (-12 - (-2 - 21))?
-1
What is the value of 6 + (-6 - 2) - -15?
13
Calculate (3 - 2) + -6 + 10 + -2.
3
0 + 7 - ((12 - 23) + 10)
8
Evaluate (-8 - -6) + -1 + 6 + -2 + 7.
8
Evaluate 3 + (1 - 0 - ((3 - -1) + -2)).
2
Calculate 3 + -4 + 27 - (2 - 0).
24
Calculate (1 - 5) + (-22 - -27) - (0 + 23).
-22
What is -2 + (9 + -13 - 3)?
-9
Evaluate 1 - 7 - ((-5 - (-19 - -10)) + -3).
-7
Calculate -3 + 5 - (-303 + 307).
-2
Evaluate 10 - (-7 + 8 + 20).
-11
What is (19 - (22 - 5)) + -13?
-11
-9 - (-20 + 26 - 23)
8
What is 75 - 73 - (-1 - (-1 + 2))?
4
Evaluate (8 - 30 - -22 - 11) + -2 + 21.
8
-6 + 1 - (-20 + 13) - 2
0
Evaluate -25 + 26 + (26 - (6 - 7)).
28
What is (-22 - -17) + 20 + -13?
2
Calculate (24 - (7 + 16)) + -24 + (-2 - -2).
-23
What is the value of 77 - ((-67 - -28) + 83)?
33
What is the value of (-87 - -75) + 3 + 3?
-6
What is the value of (16 - 7) + -4 + (0 + 1 - 0)?
6
What is (4 - -22) + (-10 - 4) + 5?
17
-20 + 19 + -10 + -11
-22
1 + (-21 - -7) + 14
1
Calculate -6 - -4 - (4 - (-4 - -1)).
-9
What is the value of 1 + -11 + 7 + -5 + 5?
-3
What is -2 + -8 + 13 + (-26 - (-8 + 7))?
-22
What is the value of 12 + 20 - 35 - -16?
13
What is the value of 24 + 0 - 3 - (660 - 657)?
18
Calculate (49 - -1) + -273 + 246.
23
What is the value of (19 - 0) + (-15 - -16)?
20
-18 + 12 + -23 + 30
1
Evaluate -341 + 357 + (-4 - -2).
14
Calculate 1 + -20 - (2 + (-128 - -103)).
4
6 - ((34 - 54) + 16)
10
Evaluate (-10 - -22 - 16) + 11 + (-1 - 1).
5
Evaluate 8 + -24 + 20 + -7 - (3 + 1).
-7
Calculate -1 - ((-13 - -8) + 9 + 4) - -15.
6
What is -4 - ((14 - (6 - -2)) + -18)?
8
-4 + 16 - 15 - 5
-8
What is the value of 0 - (-1 + 3 + (-13 - -8))?
3
Calculate -16 - (-2 + 20 + -11).
-23
What is the value of -9 + 2 + -5 + 0 + 28 + -24?
-8
What is the value of -9 + -13 + (6 - -9)?
-7
What is 2 + -27 + 82 + -31?
26
15 + (76 + -77 - (0 - -4))
10
Calculate (-21 - -7) + (12 - 18 - -7) + 4.
-9
Calculate -11 - (16 + (14 - 12)) - 0.
-29
(6 - 1) + (-110 + 66 - (-10 - 1))
-28
What is (-14 + 10 - 7) + 1?
-10
Evaluate 8 - 18 - (8 - (-2 + 9)).
-11
What is (-6 - (5 + -10) - 1) + 6?
4
Calculate 0 - (20 + -10 - -14).
-24
What is the value of (5 - 5) + (4 - (15 - 1))?
-10
Calculate (-1 - 10) + -3 - (47 - 4